{"id":8,"date":"2011-11-17T20:27:57","date_gmt":"2011-11-17T19:27:57","guid":{"rendered":"http:\/\/svjbrandlova.cz\/?page_id=8"},"modified":"2023-05-30T18:19:52","modified_gmt":"2023-05-30T16:19:52","slug":"kontakty","status":"publish","type":"page","link":"https:\/\/www.svjbrandlova.cz\/?page_id=8","title":{"rendered":"Dal\u0161\u00ed d\u016fle\u017eit\u00e9 kontakty"},"content":{"rendered":"<p>\u00a0<\/p>\n<p><strong><u>Spr\u00e1va domu:<\/u><\/strong><strong>\u00a0\u00a0\u00a0\u00a0\u00a0\u00a0\u00a0\u00a0\u00a0\u00a0\u00a0\u00a0\u00a0\u00a0\u00a0\u00a0\u00a0\u00a0\u00a0\u00a0\u00a0\u00a0\u00a0\u00a0\u00a0\u00a0\u00a0\u00a0\u00a0\u00a0\u00a0\u00a0\u00a0\u00a0\u00a0\u00a0\u00a0\u00a0\u00a0\u00a0\u00a0\u00a0\u00a0\u00a0\u00a0\u00a0\u00a0\u00a0\u00a0\u00a0\u00a0\u00a0\u00a0\u00a0\u00a0\u00a0\u00a0\u00a0\u00a0\u00a0\u00a0\u00a0\u00a0\u00a0\u00a0\u00a0\u00a0\u00a0\u00a0\u00a0\u00a0\u00a0\u00a0\u00a0\u00a0\u00a0\u00a0 <\/strong><\/p>\n<p><strong>Paragrafs &#8211; divize III., s.r.o., I\u010c: 088 52\u00a0227<\/strong><\/p>\n<p>V j\u00e1m\u011b 699\/1, Nov\u00e9 M\u011bsto, 110 00 Praha 1<\/p>\n<p><a href=\"mailto:info@obstarano.cz\">info(at)obstarano.cz<\/a><em>(po-p\u00e1 9-15h)<\/em><\/p>\n<p><a href=\"https:\/\/www.obstarano.cz\">https:\/\/www.obstarano.cz<\/a><em>\u00a0\u00a0\u00a0\u00a0 &#8211; ELEKTRONICK\u00c1 P\u0158EP\u00c1\u017dKA<\/em><\/p>\n<p>\u00da\u0159edn\u00ed hodiny: <em>po\u00a09-12h, st 9-12h<\/em><\/p>\n<p>Telefon: +420 739 639 939<\/p>\n<p>(dotazy, hl\u00e1\u0161en\u00ed poruch b\u011bhem pracovn\u00ed doby)<\/p>\n<p>\u00a0<\/p>\n<p><strong><u>Havarijn\u00ed dispe\u010dink :<\/u><\/strong><strong>\u00a0\u00a0<\/strong><\/p>\n<p><a href=\"http:\/\/bytoservis.eu\/havarijni-dispecink\/\" target=\"_blank\" rel=\"noopener noreferrer\"><strong>Bytoservis \u2013 NON STOP s.r.o.<\/strong><\/a><\/p>\n<p>(Plyn, vody, kanalizace, topen\u00ed, elektro)\u00a0 \u2013 nep\u0159etr\u017eit\u00e1 slu\u017eba denn\u00ed i no\u010dn\u00ed, o v\u00edkendech i sv\u00e1tc\u00edch<\/p>\n<p>Telefon : 241 414\u00a0141<\/p>\n<p>\u00a0<\/p>\n<p><strong><u>Opravy v\u00fdtah\u016f:<\/u><\/strong><strong>\u00a0\u00a0\u00a0\u00a0\u00a0\u00a0\u00a0\u00a0\u00a0\u00a0\u00a0\u00a0\u00a0\u00a0\u00a0\u00a0\u00a0\u00a0\u00a0\u00a0\u00a0\u00a0\u00a0\u00a0\u00a0\u00a0\u00a0\u00a0\u00a0\u00a0\u00a0\u00a0\u00a0\u00a0\u00a0\u00a0\u00a0\u00a0\u00a0\u00a0\u00a0\u00a0\u00a0\u00a0\u00a0\u00a0\u00a0\u00a0\u00a0\u00a0\u00a0\u00a0\u00a0\u00a0\u00a0\u00a0\u00a0\u00a0\u00a0\u00a0\u00a0\u00a0\u00a0\u00a0\u00a0\u00a0\u00a0\u00a0\u00a0\u00a0\u00a0\u00a0\u00a0\u00a0\u00a0\u00a0\u00a0\u00a0 <\/strong><\/p>\n<p><a href=\"http:\/\/www.schindler.com\/cz\/internet\/cs\/home.html\" target=\"_blank\" rel=\"noopener noreferrer\"><strong>V\u00ddTAHY Schindler a.s.<\/strong><\/a><\/p>\n<p>Telefon : 257 293 123 (nep\u0159etr\u017eit\u00fd dispe\u010dink, v\u010detn\u011b vypro\u0161\u0165ov\u00e1n\u00ed z v\u00fdtah\u016f)<\/p>\n<p>\u00a0<\/p>\n<p><strong><u>Poskytovatel\u00e9 internetu v na\u0161em dom\u011b:<\/u><\/strong><\/p>\n<ul>\n<li><strong>AIM \u00a0 \u00a0 \u00a0 \u00a0 \u00a0 \u00a0 \u00a0 \u00a0 \u00a0 \u00a0 \u00a0 \u00a0 <a href=\"http:\/\/www.a1m.cz\" target=\"_blank\" rel=\"noopener noreferrer\">www.a1m.cz<\/a>\u00a0<\/strong><\/li>\n<li><strong>UPC(Vodafone)<\/strong> \u00a0\u00a0 <strong><a href=\"https:\/\/www.upc.cz\/\" target=\"_blank\" rel=\"noopener noreferrer\">www.upc.cz<\/a><\/strong><\/li>\n<li><b>O2\u00a0\u00a0\u00a0\u00a0\u00a0\u00a0\u00a0\u00a0\u00a0\u00a0\u00a0\u00a0\u00a0\u00a0\u00a0\u00a0\u00a0\u00a0\u00a0\u00a0\u00a0\u00a0\u00a0\u00a0\u00a0\u00a0\u00a0 <strong><a href=\"https:\/\/www.o2.cz\/osobni\/\" target=\"_blank\" rel=\"noopener noreferrer\">www.o2.cz<\/a><\/strong><br \/><\/b><\/li>\n<li><b>T-mobile \u00a0\u00a0\u00a0\u00a0\u00a0\u00a0\u00a0\u00a0\u00a0\u00a0\u00a0\u00a0\u00a0\u00a0 <strong><a href=\"https:\/\/www.t-mobile.cz\/osobni\" target=\"_blank\" rel=\"noopener noreferrer\">www.t-mobile.cz<\/a><\/strong><\/b><\/li>\n<\/ul>\n<p><strong>Kontakty na pohotovostn\u00ed slu\u017eby:<\/strong><\/p>\n<p>Policie \u010cR :\u00a0\u00a0\u00a0\u00a0\u00a0\u00a0\u00a0\u00a0\u00a0\u00a0\u00a0\u00a0\u00a0\u00a0\u00a0\u00a0\u00a0\u00a0\u00a0\u00a0\u00a0\u00a0\u00a0\u00a0\u00a0\u00a0\u00a0\u00a0\u00a0\u00a0\u00a0\u00a0\u00a0\u00a0 158<br \/>M\u011bstsk\u00e1 policie :\u00a0\u00a0\u00a0\u00a0\u00a0\u00a0\u00a0\u00a0\u00a0\u00a0\u00a0\u00a0\u00a0\u00a0\u00a0\u00a0\u00a0\u00a0\u00a0\u00a0\u00a0\u00a0\u00a0\u00a0\u00a0 156<br \/>Zdravotnick\u00e1 z\u00e1chrann\u00e1 slu\u017eba:\u00a0 155<br \/>Hasi\u010di :\u00a0\u00a0\u00a0\u00a0\u00a0\u00a0\u00a0\u00a0\u00a0\u00a0\u00a0\u00a0\u00a0\u00a0\u00a0\u00a0\u00a0\u00a0\u00a0\u00a0\u00a0\u00a0\u00a0\u00a0\u00a0\u00a0\u00a0\u00a0\u00a0\u00a0\u00a0\u00a0\u00a0\u00a0\u00a0\u00a0\u00a0\u00a0\u00a0\u00a0 150<\/p>\n<p>\u00a0<\/p>\n<p>Port\u00e1l ve\u0159ejn\u00e9 spr\u00e1vy:\u00a0\u00a0<a href=\"http:\/\/portal.gov.cz\/portal\/obcan\/\" target=\"_blank\" rel=\"noopener noreferrer\">Port\u00e1l ve\u0159ejn\u00e9 spr\u00e1vy<\/a><\/p>\n<p>Katastr nemovitost\u00ed: <a href=\"http:\/\/nahlizenidokn.cuzk.cz\/\" target=\"_blank\" rel=\"noopener noreferrer\">Nahl\u00ed\u017een\u00ed do Katastru nemovitost\u00ed<\/a><\/p>\n<p>F\u00da Praha 11: <a href=\"https:\/\/www.financnisprava.cz\/cs\/financni-sprava\/organy-financni-spravy\/financni-urady\/app\/urad-kontakt\/2011\" target=\"_blank\" rel=\"noopener noreferrer\">F\u00da Praha 11<\/a><\/p>\n<p>PRE a.s.: <a href=\"https:\/\/www.pre.cz\/cs\/domacnosti\/\" target=\"_blank\" rel=\"noopener noreferrer\">PRE<\/a><\/p>\n<p>Pra\u017esk\u00e1 plyn\u00e1rensk\u00e1 a.s.: Pra\u017esk\u00e1 <a href=\"https:\/\/www.ppas.cz\/\" target=\"_blank\" rel=\"noopener noreferrer\">Pra\u017esk\u00e1 plyn\u00e1rensk\u00e1<\/a><\/p>\n<p>Praha 11: <a href=\"https:\/\/www.praha11.cz\/\" target=\"_blank\" rel=\"noopener noreferrer\">M\u011bstsk\u00e1 \u010d\u00e1st<\/a><\/p>\n<p>\u00a0<\/p>\n\n\n<p><\/p>\n","protected":false},"excerpt":{"rendered":"<p>\u00a0 Spr\u00e1va domu:\u00a0\u00a0\u00a0\u00a0\u00a0\u00a0\u00a0\u00a0\u00a0\u00a0\u00a0\u00a0\u00a0\u00a0\u00a0\u00a0\u00a0\u00a0\u00a0\u00a0\u00a0\u00a0\u00a0\u00a0\u00a0\u00a0\u00a0\u00a0\u00a0\u00a0\u00a0\u00a0\u00a0\u00a0\u00a0\u00a0\u00a0\u00a0\u00a0\u00a0\u00a0\u00a0\u00a0\u00a0\u00a0\u00a0\u00a0\u00a0\u00a0\u00a0\u00a0\u00a0\u00a0\u00a0\u00a0\u00a0\u00a0\u00a0\u00a0\u00a0\u00a0\u00a0\u00a0\u00a0\u00a0\u00a0\u00a0\u00a0\u00a0\u00a0\u00a0\u00a0\u00a0\u00a0\u00a0\u00a0\u00a0 Paragrafs &#8211; divize III., s.r.o., I\u010c: 088 52\u00a0227 V j\u00e1m\u011b 699\/1, Nov\u00e9 M\u011bsto, 110 00 Praha 1 info(at)obstarano.cz(po-p\u00e1 9-15h) https:\/\/www.obstarano.cz\u00a0\u00a0\u00a0\u00a0 &#8211; ELEKTRONICK\u00c1 P\u0158EP\u00c1\u017dKA \u00da\u0159edn\u00ed hodiny: po\u00a09-12h, st 9-12h Telefon: +420 739 639 939 (dotazy, hl\u00e1\u0161en\u00ed poruch b\u011bhem pracovn\u00ed doby) \u00a0 Havarijn\u00ed dispe\u010dink :\u00a0\u00a0 Bytoservis \u2013 NON STOP s.r.o. (Plyn, vody, kanalizace, topen\u00ed, elektro)\u00a0 \u2013 nep\u0159etr\u017eit\u00e1 slu\u017eba denn\u00ed i no\u010dn\u00ed, o v\u00edkendech i sv\u00e1tc\u00edch Telefon : 241 414\u00a0141 \u00a0 Opravy v\u00fdtah\u016f:\u00a0\u00a0\u00a0\u00a0\u00a0\u00a0\u00a0\u00a0\u00a0\u00a0\u00a0\u00a0\u00a0\u00a0\u00a0\u00a0\u00a0\u00a0\u00a0\u00a0\u00a0\u00a0\u00a0\u00a0\u00a0\u00a0\u00a0\u00a0\u00a0\u00a0\u00a0\u00a0\u00a0\u00a0\u00a0\u00a0\u00a0\u00a0\u00a0\u00a0\u00a0\u00a0\u00a0\u00a0\u00a0\u00a0\u00a0\u00a0\u00a0\u00a0\u00a0\u00a0\u00a0\u00a0\u00a0\u00a0\u00a0\u00a0\u00a0\u00a0\u00a0\u00a0\u00a0\u00a0\u00a0\u00a0\u00a0\u00a0\u00a0\u00a0\u00a0\u00a0\u00a0\u00a0\u00a0\u00a0\u00a0\u00a0 V\u00ddTAHY Schindler a.s. Telefon : 257 293 123 (nep\u0159etr\u017eit\u00fd dispe\u010dink, v\u010detn\u011b vypro\u0161\u0165ov\u00e1n\u00ed z v\u00fdtah\u016f) \u00a0 Poskytovatel\u00e9 internetu v na\u0161em dom\u011b: AIM \u00a0 \u00a0 \u00a0 \u00a0 \u00a0 \u00a0 \u00a0 \u00a0 \u00a0 \u00a0 \u00a0 \u00a0 www.a1m.cz\u00a0 UPC(Vodafone) \u00a0\u00a0 www.upc.cz O2\u00a0\u00a0\u00a0\u00a0\u00a0\u00a0\u00a0\u00a0\u00a0\u00a0\u00a0\u00a0\u00a0\u00a0\u00a0\u00a0\u00a0\u00a0\u00a0\u00a0\u00a0\u00a0\u00a0\u00a0\u00a0\u00a0\u00a0 www.o2.cz T-mobile \u00a0\u00a0\u00a0\u00a0\u00a0\u00a0\u00a0\u00a0\u00a0\u00a0\u00a0\u00a0\u00a0\u00a0 www.t-mobile.cz Kontakty na pohotovostn\u00ed slu\u017eby: Policie \u010cR :\u00a0\u00a0\u00a0\u00a0\u00a0\u00a0\u00a0\u00a0\u00a0\u00a0\u00a0\u00a0\u00a0\u00a0\u00a0\u00a0\u00a0\u00a0\u00a0\u00a0\u00a0\u00a0\u00a0\u00a0\u00a0\u00a0\u00a0\u00a0\u00a0\u00a0\u00a0\u00a0\u00a0\u00a0 158M\u011bstsk\u00e1 policie :\u00a0\u00a0\u00a0\u00a0\u00a0\u00a0\u00a0\u00a0\u00a0\u00a0\u00a0\u00a0\u00a0\u00a0\u00a0\u00a0\u00a0\u00a0\u00a0\u00a0\u00a0\u00a0\u00a0\u00a0\u00a0 156Zdravotnick\u00e1 z\u00e1chrann\u00e1 slu\u017eba:\u00a0 155Hasi\u010di :\u00a0\u00a0\u00a0\u00a0\u00a0\u00a0\u00a0\u00a0\u00a0\u00a0\u00a0\u00a0\u00a0\u00a0\u00a0\u00a0\u00a0\u00a0\u00a0\u00a0\u00a0\u00a0\u00a0\u00a0\u00a0\u00a0\u00a0\u00a0\u00a0\u00a0\u00a0\u00a0\u00a0\u00a0\u00a0\u00a0\u00a0\u00a0\u00a0\u00a0 150 \u00a0 Port\u00e1l ve\u0159ejn\u00e9 spr\u00e1vy:\u00a0\u00a0Port\u00e1l ve\u0159ejn\u00e9 spr\u00e1vy Katastr nemovitost\u00ed: Nahl\u00ed\u017een\u00ed do Katastru nemovitost\u00ed F\u00da Praha 11: F\u00da Praha 11 PRE a.s.: PRE Pra\u017esk\u00e1 plyn\u00e1rensk\u00e1 a.s.: Pra\u017esk\u00e1 Pra\u017esk\u00e1 plyn\u00e1rensk\u00e1 Praha 11: M\u011bstsk\u00e1 \u010d\u00e1st \u00a0<\/p>\n","protected":false},"author":1,"featured_media":0,"parent":780,"menu_order":0,"comment_status":"closed","ping_status":"closed","template":"","meta":[],"_links":{"self":[{"href":"https:\/\/www.svjbrandlova.cz\/index.php?rest_route=\/wp\/v2\/pages\/8"}],"collection":[{"href":"https:\/\/www.svjbrandlova.cz\/index.php?rest_route=\/wp\/v2\/pages"}],"about":[{"href":"https:\/\/www.svjbrandlova.cz\/index.php?rest_route=\/wp\/v2\/types\/page"}],"author":[{"embeddable":true,"href":"https:\/\/www.svjbrandlova.cz\/index.php?rest_route=\/wp\/v2\/users\/1"}],"replies":[{"embeddable":true,"href":"https:\/\/www.svjbrandlova.cz\/index.php?rest_route=%2Fwp%2Fv2%2Fcomments&post=8"}],"version-history":[{"count":46,"href":"https:\/\/www.svjbrandlova.cz\/index.php?rest_route=\/wp\/v2\/pages\/8\/revisions"}],"predecessor-version":[{"id":1375,"href":"https:\/\/www.svjbrandlova.cz\/index.php?rest_route=\/wp\/v2\/pages\/8\/revisions\/1375"}],"up":[{"embeddable":true,"href":"https:\/\/www.svjbrandlova.cz\/index.php?rest_route=\/wp\/v2\/pages\/780"}],"wp:attachment":[{"href":"https:\/\/www.svjbrandlova.cz\/index.php?rest_route=%2Fwp%2Fv2%2Fmedia&parent=8"}],"curies":[{"name":"wp","href":"https:\/\/api.w.org\/{rel}","templated":true}]}}